8?
False
Does 289 divide 353895239?
True
Does 10 divide 385017130?
True
Is 3801474975 a multiple of 1036?
False
Is 760 a factor of 449699472?
False
Is 68990264 a multiple of 14?
True
Is 435494331 a multiple of 8?
False
Does 20 divide 102506820?
True
Is 115047711 a multiple of 1983?
True
Is 11 a factor of 58851310?
False
Is 398 a factor of 1678585209?
False
Is 27629430 a multiple of 10?
True
Is 311 a factor of 54259883?
False
Is 288359881 a multiple of 964?
False
Is 2967364 a multiple of 674?
False
Does 4728 divide 71644469?
False
Is 66 a factor of 342963793?
False
Is 1156 a factor of 2655048780?
True
Does 37 divide 108493347?
False
Is 736 a factor of 1086982208?
True
Is 946033949 a multiple of 5257?
True
Is 590072160 a multiple of 60?
True
Does 799 divide 12528320?
True
Is 3382351706 a multiple of 181?
True
Does 520 divide 2980701?
False
Is 1731 a factor of 43096987?
False
Does 6936 divide 1337874614?
False
Is 2634527066 a multiple of 5560?
False
Is 246 a factor of 1079963985?
False
Is 2753709 a multiple of 101?
False
Is 27030112 a multiple of 1328?
True
Is 7628249 a multiple of 43?
False
Does 67 divide 10872559?
True
Is 2650 a factor of 187996741?
False
Is 157069571 a multiple of 16?
False
Does 13 divide 28578373?
False
Does 940 divide 766467540?
True
Does 104 divide 4100728?
False
Does 3842 divide 3245748494?
True
Is 638266748 a multiple of 14?
True
Does 42 divide 50950326?
True
Is 605 a factor of 274564730?
True
Does 508 divide 134318932?
False
Does 3205 divide 443963676?
False
Is 152795219 a multiple of 905?
False
Is 2 a factor of 7264025?
False
Is 27 a factor of 234085762?
False
Is 1560362517 a multiple of 3577?
True
Does 7 divide 23231166?
True
Is 249 a factor of 29124285?
True
Does 26 divide 2649582?
True
Is 42119406 a multiple of 63?
True
Is 17 a factor of 24575489?
True
Is 96074220 a multiple of 11?
True
Is 524 a factor of 115627106?
False
Is 15 a factor of 198324810?
True
Is 3283776 a multiple of 8?
True
Is 2841272 a multiple of 1582?
True
Is 492 a factor of 2302035?
False
Is 49400268 a multiple of 497?
False
Does 412 divide 583447620?
True
Is 146 a factor of 4990691262?
False
Is 2618 a factor of 55712585?
False
Is 2468507077 a multiple of 1299?
False
Is 2729 a factor of 705012994?
False
Is 1497 a factor of 23642961?
False
Does 520 divide 5007600?
True
Does 49 divide 735574378?
True
Is 17 a factor of 1225428017?
True
Does 5 divide 13469841?
False
Does 5 divide 205383560?
True
Is 3814902 a multiple of 5?
False
Is 2217107681 a multiple of 5027?
False
Does 173 divide 967265096?
False
Is 236737492 a multiple of 76?
True
Does 73 divide 2666366?
False
Does 31 divide 3398731493?
False
Does 1562 divide 214315061?
False
Does 9 divide 7875969?
False
Does 638 divide 871542452?
True
Does 3313 divide 904204734?
False
Does 116 divide 553577520?
True
Does 771 divide 1766574567?
True
Does 14 divide 69051901?
False
Is 10929186 a multiple of 19?
False
Is 80436255 a multiple of 1893?
False
Is 3 a factor of 390558?
True
Is 6 a factor of 1261224156?
True
Is 59 a factor of 35347921?
False
Is 47 a factor of 1872283112?
False
Is 11 a factor of 2178147411?
True
Is 3537 a factor of 344075823?
True
Is 478139354 a multiple of 22?
True
Is 296 a factor of 14088003?
False
Does 5756 divide 108155240?
True
Is 15997 a factor of 54485782?
True
Is 55563404 a multiple of 52?
True
Is 744956601 a multiple of 3127?
False
Does 42 divide 8601541?
False
Is 12 a factor of 357310356?
True
Is 36 a factor of 241813985?
False
Is 25492620 a multiple of 1660?
True
Does 10 divide 8962428?
False
Does 18 divide 54456912?
True
Is 6666720 a multiple of 817?
True
Is 1528 a factor of 4201222248?
True
Is 5209891282 a multiple of 254?
True
Does 21 divide 5910219?
True
Is 2290115373 a multiple of 1308?
False
Is 17699990 a multiple of 635?
True
Is 639394101 a multiple of 131?
True
Is 7615851 a multiple of 3?
True
Does 408 divide 1198914955?
False
Is 418 a factor of 387712433?
False
Does 87 divide 13113772?
False
Is 19 a factor of 304907735?
False
Does 62 divide 69242691?
False
Does 3986 divide 1768163635?
False
Is 85263697 a multiple of 39?
False
Is 321 a factor of 569541496?
False
Does 11 divide 8363246?
False
Does 831 divide 16251867?
True
Is 9173781 a multiple of 23?
False
Is 179 a factor of 475961?
True
Is 233981852 a multiple of 1937?
True
Is 228 a factor of 567962820?
True
Is 18501769 a multiple of 1187?
True
Is 576312615 a multiple of 6585?
True
Is 4847985 a multiple of 31?
False
Is 32 a factor of 68320499?
False
Is 307 a factor of 478086191?
False
Is 9176297 even?
False
Does 1022 divide 430637630?
False
Is 1901 a factor of 147090150?
False
Is 11210990 a multiple of 70?
True
Is 23 a factor of 128062076?
False
Does 25 divide 107462477?
False
Is 118827087 a multiple of 46?
False
Is 11140901 a multiple of 23?
True
Is 10102 a factor of 782066630?
False
Is 1869215725 a multiple of 1235?
True
Is 24033822 a multiple of 19?
True
Does 253 divide 989142462?
True
Does 219 divide 57799553?
False
Is 1139 a factor of 51862087?
True
Does 9 divide 16730180?
False
Is 3893 a factor of 315713958?
False
Is 1456 a factor of 35321104?
True
Is 1075538900 a multiple of 2020?
True
Does 370 divide 9991850?
True
Is 208054430 a multiple of 94?
True
Is 5401 a factor of 360904858?
False
Is 32 a factor of 17247926?
False
Does 3 divide 17090046?
True
Is 203 a factor of 390368797?
True
Does 20 divide 11758120?
True
Does 33 divide 221259918?
True
Does 7 divide 12587864?
False
Does 15 divide 2042725181?
False
Is 38652325 a multiple of 2?
False
Is 95773760 a multiple of 24?
False
Does 10 divide 6470941820?
True
Is 923080661 a multiple of 5279?
True
Is 6659380 even?
True
Is 413364788 a multiple of 1271?
True
Is 129980913 a multiple of 19?
False
Is 53 a factor of 286362598?
False
Is 258374832 a multiple of 496?
True
Is 500 a factor of 125114582?
False
Is 20 a factor of 1331316716?
False
Is 874 a factor of 225324443?
False
Is 2058 a factor of 298420996?
False
Is 21881629 a multiple of 11?
True
Does 29 divide 4882577?
False
Does 810 divide 37588631?
False
Is 1535 a factor of 148693660?
False
Is 31 a factor of 304960795?
True
Is 2628 a factor of 162371959?
False
Does 15 divide 2269289?
False
Does 125 divide 1569094000?
True
Does 17 divide 282458238?
False
Is 31139 a multiple of 162?
False
Is 14 a factor of 75336542?
False
Is 10266911 a multiple of 90?
False
Does 2537 divide 1008792384?
True
Does 418 divide 6997625?
False
Is 40943556 a multiple of 76?
True
Is 24264562 a multiple of 14?
True
Is 221710533 a multiple of 471?
True
Does 85 divide 63323470?
True
Does 130 divide 8894645?
False
Is 7979930 a multiple of 10?
True
Is 177 a factor of 123442009?
False
Is 689 a factor of 2750139134?
False
Does 3190 divide 130585840?
True
Is 159 a factor of 2312852?
False
Does 78 divide 31496968?
False
Is 7130 a factor of 2169811738?
False
Does 765 divide 16426783?
False
Is 458275594 a multiple of 7?
True
Is 297075969 a multiple of 51?
True
Does 3 divide 272950283?
False
Is 76098050 a multiple of 35?
True
Is 50777909 a multiple of 43?
False
Is 7399970 a multiple of 2165?
True
Is 16490072 even?
True
Does 441 divide 5183295?
False
Is 11645011 a multiple of 37?
False
Does 3887 divide 290335578?
True
Is 10341969 a multiple of 2299?
False
Is 54085478 a multiple of 11?
False
Does 2562 divide 238127652?
True
Is 72 a factor of 6174072?
True
Is 249 a factor of 114599243?
False
Is 5496703 a multiple of 233?
True
Is 3836067120 a multiple of 6772?
True
Is 153 a factor of 963342580?
False
Is 7 a factor of 18571455?
True
Is 17118225 a multiple of 45?
True
Is 12 a factor of 11415338?
False
Is 43281622 a multiple of 171?
False
Is 10 a factor of 27289455?
False
Is 151625157 a multiple of 29?
False
Is 138664014 a multiple of 2234?
False
Is 6740390 a multiple of 382?
True
Does 795 divide 5274030?
True
Is 13 a factor of 7847723?
True
Is 176 a factor of 1089088930?
False
Does 46 divide 44773942?
False
Is 45165906 a multiple of 603?
True
Does 127 divide 138743336?
False
Is 163 a factor of 94964809?
False
Is 472676486 a multiple of 211?
False
Does 10 divide 248240249?
False
Is 7588983 a multiple of 3?
True
Does 2228 divide 25764592?
True
Is 773 a factor of 179300085?
False
Does 707 divide 62849037?
False
Is 23 a factor of 30552111?
False
Does 95 divide 2922669